96?
6
What is the hundreds digit of 365609576?
5
What is the thousands digit of 102660608?
0
What is the hundreds digit of 1804044267?
2
What is the millions digit of 602028355?
2
What is the hundred millions digit of 629522407?
6
What is the hundred millions digit of 1489137993?
4
What is the tens digit of 2290141049?
4
What is the ten millions digit of 4300669018?
0
What is the billions digit of 1268171821?
1
What is the tens digit of 32812805?
0
What is the ten thousands digit of 619453328?
5
What is the millions digit of 69393465?
9
What is the tens digit of 55008598?
9
What is the hundred thousands digit of 2002662350?
6
What is the hundreds digit of 34943244?
2
What is the millions digit of 117215334?
7
What is the millions digit of 27165002?
7
What is the millions digit of 277266569?
7
What is the hundred thousands digit of 4094789091?
7
What is the ten thousands digit of 481170434?
7
What is the hundred millions digit of 3193493619?
1
What is the millions digit of 264893009?
4
What is the hundred thousands digit of 595322?
5
What is the billions digit of 1342425135?
1
What is the millions digit of 41527585?
1
What is the ten thousands digit of 411745744?
4
What is the millions digit of 36712988?
6
What is the ten thousands digit of 104665656?
6
What is the hundreds digit of 18306823?
8
What is the tens digit of 70304311?
1
What is the hundred thousands digit of 612762588?
7
What is the tens digit of 33382446?
4
What is the hundred thousands digit of 1941443327?
4
What is the hundred millions digit of 126285136?
1
What is the millions digit of 4510737643?
0
What is the tens digit of 172507766?
6
What is the thousands digit of 33787541?
7
What is the tens digit of 35981004?
0
What is the thousands digit of 142619668?
9
What is the hundred thousands digit of 2582754733?
7
What is the units digit of 316451404?
4
What is the hundred thousands digit of 352585665?
5
What is the thousands digit of 78840865?
0
What is the hundreds digit of 92323652?
6
What is the units digit of 2229797982?
2
What is the thousands digit of 361122428?
2
What is the hundreds digit of 158414293?
2
What is the hundreds digit of 342904091?
0
What is the tens digit of 1458247259?
5
What is the hundred thousands digit of 212038033?
0
What is the billions digit of 2646431322?
2
What is the millions digit of 1642782851?
2
What is the ten millions digit of 1359370809?
5
What is the tens digit of 502617447?
4
What is the tens digit of 29980681?
8
What is the ten millions digit of 1163285055?
6
What is the hundred millions digit of 3469381969?
4
What is the tens digit of 8134050501?
0
What is the tens digit of 943627403?
0
What is the hundred millions digit of 1842127889?
8
What is the millions digit of 262218003?
2
What is the tens digit of 2702221639?
3
What is the hundred thousands digit of 273327364?
3
What is the hundred thousands digit of 3598861371?
8
What is the hundreds digit of 3922821806?
8
What is the tens digit of 354731757?
5
What is the ten millions digit of 1021431598?
2
What is the ten millions digit of 8583726433?
8
What is the hundreds digit of 213633741?
7
What is the thousands digit of 23323029?
3
What is the ten thousands digit of 1078078612?
7
What is the units digit of 78232576?
6
What is the tens digit of 1297792462?
6
What is the units digit of 238453454?
4
What is the hundred thousands digit of 136569295?
5
What is the billions digit of 1269586295?
1
What is the units digit of 4625623?
3
What is the ten millions digit of 38919103?
3
What is the hundred thousands digit of 2436460?
4
What is the hundred millions digit of 247981154?
2
What is the tens digit of 128572009?
0
What is the tens digit of 322000171?
7
What is the millions digit of 25117767?
5
What is the hundreds digit of 428550039?
0
What is the units digit of 2311038727?
7
What is the thousands digit of 1564213715?
3
What is the hundred thousands digit of 1413760663?
7
What is the ten millions digit of 936953370?
3
What is the units digit of 18895617?
7
What is the ten thousands digit of 61202720?
0
What is the millions digit of 135068910?
5
What is the millions digit of 13864890?
3
What is the units digit of 718909458?
8
What is the ten thousands digit of 477784463?
8
What is the tens digit of 350114157?
5
What is the units digit of 385042583?
3
What is the tens digit of 51222995?
9
What is the thousands digit of 288509282?
9
What is the ten millions digit of 1279991220?
7
What is the ten millions digit of 42153664?
4
What is the hundred thousands digit of 65566047?
5
What is the hundred thousands digit of 2066088717?
0
What is the hundred millions digit of 351071727?
3
What is the ten thousands digit of 200686175?
8
What is the tens digit of 86805002?
0
What is the ten millions digit of 1345112815?
4
What is the hundred thousands digit of 52121963?
1
What is the hundred thousands digit of 1319940335?
9
What is the hundreds digit of 19113565?
5
What is the hundred thousands digit of 138331643?
3
What is the units digit of 95045523?
3
What is the hundreds digit of 85699090?
0
What is the ten thousands digit of 249656058?
5
What is the hundred millions digit of 1775005139?
7
What is the tens digit of 574924947?
4
What is the thousands digit of 56664086?
4
What is the units digit of 769017540?
0
What is the tens digit of 2217742242?
4
What is the thousands digit of 12854966?
4
What is the thousands digit of 38118143?
8
What is the units digit of 695941608?
8
What is the units digit of 112211088?
8
What is the ten thousands digit of 982555423?
5
What is the ten thousands digit of 2063324?
6
What is the thousands digit of 74810574?
0
What is the tens digit of 64782533?
3
What is the tens digit of 7226323478?
7
What is the tens digit of 548956984?
8
What is the ten thousands digit of 4177712742?
1
What is the tens digit of 317552507?
0
What is the hundred thousands digit of 268320837?
3
What is the tens digit of 57619792?
9
What is the units digit of 3395795957?
7
What is the thousands digit of 95040567?
0
What is the tens digit of 605339112?
1
What is the thousands digit of 4371158?
1
What is the ten millions digit of 1506084257?
0
What is the hundred millions digit of 1674578078?
6
What is the millions digit of 6234133649?
4
What is the ten millions digit of 33065725?
3
What is the millions digit of 52250018?
2
What is the tens digit of 67190688?
8
What is the hundreds digit of 1688745904?
9
What is the tens digit of 57117027?
2
What is the tens digit of 43658806?
0
What is the ten thousands digit of 21791009?
9
What is the units digit of 83524329?
9
What is the ten millions digit of 2879354678?
7
What is the ten millions digit of 46033607?
4
What is the millions digit of 5529312?
5
What is the ten thousands digit of 49123535?
2
What is the ten millions digit of 42630314?
4
What is the tens digit of 26478984?
8
What is the hundreds digit of 87049571?
5
What is the ten thousands digit of 870591534?
9
What is the thousands digit of 94013651?
3
What is the millions digit of 12219081?
2
What is the hundreds digit of 514007300?
3
What is the ten millions digit of 301437562?
0
What is the hundreds digit of 106739828?
8
What is the millions digit of 40239875?
0
What is the hundred millions digit of 224976471?
2
What is the hundreds digit of 112161499?
4
What is the thousands digit of 577249311?
9
What is the tens digit of 96438418?
1
What is the units digit of 255932283?
3
What is the ten millions digit of 3827528168?
2
What is the ten thousands digit of 5872703975?
0
What is the hundred thousands digit of 1056514465?
5
What is the units digit of 51978615?
5
What is the hundreds digit of 3730440511?
5
What is the ten thousands digit of 84635941?
3
What is the ten millions digit of 63323386?
6
What is the tens digit of 2960532156?
5
What is the tens digit of 947713934?
3
What is the ten millions digit of 6198462692?
9
What is the hundred thousands digit of 1572507587?
5
What is the units digit of 74721209?
9
What is the hundreds digit of 63211294?
2
What is the units digit of 500144988?
8
What is the ten thousands digit of 232525806?
2
What is the hundred thousands digit of 671785333?
7
What is the millions digit of 446021701?
6
What is the units digit of 3632825276?
6
What is the hundred thous